1
Let x be -1*13/(-4)*16. Let v(i) = -51 + 13*i**2 - 8*i**2 + x - 6*i**2 + 7*i. Determine v(8).
-7
Let t be (-2)/(-6) - 8/(-3). Let r(m) = -m**2 + 309*m + 15. Let c(z) = z**2 - 265*z - 13. Let w(b) = -7*c(b) - 6*r(b). Determine w(t).
-5
Let v(r) be the second derivative of 69*r - 6*r**2 - 1/6*r**3 + 0. Calculate v(-5).
-7
Let a = -1 + 0. Let q(h) be the third derivative of 0*h - 5/24*h**4 - 58*h**2 + 0 + 0*h**3. What is q(a)?
5
Suppose -4*k = -9*k + 35. Let f(i) = -k*i - 11 + 99*i**2 - 94*i**2 + i**3 + 15. Give f(-6).
10
Let z(a) = a**3 - 4*a - 3. Let w(y) = 3*y**3 - 2*y**2 - 3*y + 4. Let k be w(1). Let g be (-1)/k*5 - (-10)/20. Give z(g).
-3
Let f(y) = y**2 - 16*y - 14. Let z be f(10). Let v = z + 74. Let p(h) be the first derivative of h**4/4 + h**2/2 - 11*h - 2. Calculate p(v).
-11
Let z(r) = r**2 + r - 2. Let u(c) = -c**3 - 18*c**2 - 9*c + 9. Let b(j) = -u(j) - 5*z(j). Calculate b(-13).
-51
Let x(n) = -n**3 + 32*n**2 - 34*n + 98. Let v be x(31). Let b(c) = -2*c**2 + 0*c**2 - 5*c**2 - v*c**2. Calculate b(-1).
-12
Let w(k) be the first derivative of k**5/20 + k**4/12 - k**3/6 - k**2/2 + 47*k + 92. Let j(m) be the first derivative of w(m). What is j(2)?
9
Suppose -3*l = 10*l - 39. Let b(a) = 9 - 4*a - 6 - l*a + 5*a. Give b(0).
3
Let w(r) = 22*r - 12. Suppose -5*u + 5*n = 30, -u + 4*n = n + 14. Calculate w(u).
-56
Suppose 37*g + 28*g + 135 = 38*g. Let c(i) = -i**3 - 7*i**2 - 13*i - 5. Determine c(g).
10
Let p(a) = -8*a - 52. Let t be p(-8). Let u = t + -13. Let r(c) = 6*c**2 + 5*c + 2. Let q be r(u). Let j(v) = v**3 - 5*v**2 + 4*v - 2. What is j(q)?
-8
Let g = -12175 + 1461001/120. Let b(y) be the third derivative of 0 + 1/12*y**5 + 1/4*y**4 + 30*y**2 - g*y**6 + 0*y**3 + 0*y. Calculate b(6).
0
Let w(v) = v**2. Let m(x) = x**3 + 15*x**2 - 13*x - 20. Let c(h) = -m(h) + 6*w(h). Suppose 15*p + 19*p = -55*p - 890. Determine c(p).
-10
Let i be (-430)/(-86) + (5 + -3 - 11). Let l(v) = 13*v + 44. Give l(i).
-8
Let b(p) = 4*p + 3 + p + 2 + 11*p**2 - 3*p + 7*p**3 + 7*p. Let y(r) = 6*r**3 + 10*r**2 + 8*r + 4. Let n(c) = -5*b(c) + 6*y(c). What is n(-3)?
8
Let z be 0/2 - 0/(-1). Let f(l) be the first derivative of -11*l**2/2 + 11*l + 17. Let y(n) = 18*n - 22. Let x(d) = 5*f(d) + 3*y(d). Calculate x(z).
-11
Suppose 5*q + 30*q + 140 = 0. Let i be (q - (-84)/12)/((-3)/10). Let b(t) = -t**2 - 8*t + 13. Calculate b(i).
-7
Let k(l) = -l**2 - 8*l - 13. Let s(m) be the second derivative of -35*m**3/6 - 126*m**2 + m - 12. Let u be s(-7). Determine k(u).
-6
Suppose 0 = a + 6*a - 28. Suppose 5*l - a = 6. Let s(n) = -5*n + 0*n**l + 1 + 0*n**2 - 2*n**2 + n**2. Determine s(-4).
5
Suppose -43*y - 8*y = 12*y - 1638. Let s(v) = 7*v - 197. Calculate s(y).
-15
Let x = -43 - -39. Let g(h) = 2*h**2 + 8*h + 9. Let o be g(x). Let s(a) = -2 - 3*a**3 + 2*a**2 - 5*a**3 + 3*a**2 - 3*a + o*a**3. Determine s(-5).
13
Let a(x) be the third derivative of -x**6/60 + 11*x**5/30 - x**4/24 + 3*x**3/2 - 734*x**2. What is a(11)?
-2
Suppose -70 = 41*d - 55*d. Let j(y) = 35 + 25 - d*y - 85 + 56*y + 24. What is j(1)?
50
Let m = 15 + -21. Let j be (m/(-4))/(-3)*-2. Let n(r) = 3*r - 2*r + 2 + 0*r + 10 - 13 + 4*r**2. Calculate n(j).
4
Let s = -2 - -7. Let a = 54 - 59. Let w(x) = 4*x**3 + 4*x**2 + 6*x + 5. Let b(n) = -3*n**3 - 4*n**2 - 6*n - 5. Let d(j) = a*b(j) - 4*w(j). Calculate d(s).
10
Suppose -3*w = -4*w - 3*b + 15, 3*b + 21 = 5*w. Suppose 24 = -2*t + w*t. Let k(s) = s - 1. Let d(v) = 7*v - 8. Let a(z) = t*k(z) - d(z). Calculate a(-7).
9
Let w(o) = -5*o + 13. Suppose 37*h - 34*h - 12 = 0. Suppose 0 = -2*k - 2*x + 2 + 12, 0 = -h*k - 3*x + 25. Give w(k).
-7
Let p(x) = -28*x - 322. Let g be p(-12). Let j(b) be the third derivative of b**6/120 - 13*b**5/60 - 5*b**4/8 + 7*b**3/3 - 8*b**2. Determine j(g).
0
Let w = 393 + -390. Let k(p) = p**2 - 7*p - 3*p**2 + 4*p + 1. Let j(v) = 5*v**2 + 5*v - 3. Let b(c) = w*j(c) + 7*k(c). Give b(6).
-2
Suppose 4*p + 2*l = 2, -8*p + 4*p - l = 3. Let h be 0 - -6 - p*(-4 + 2). Let u(j) = 3*j - 2 + 8*j**2 - 10*j**2 + 3*j**h. Give u(-4).
2
Suppose 7*r - 12 = 5*r. Suppose r = 2*b + 2. Let f(z) = -5 + 0*z - 5*z + 42*z**2 - 41*z**b. Give f(6).
1
Let c(z) = 105*z**3 - 7*z**2 + 8*z. Let v(o) = 106*o**3 - 8*o**2 + 9*o. Let y(m) = 7*c(m) - 6*v(m). Give y(1).
100
Let u(w) = -w**3 - 5*w**2 - 5*w - 3. Let x be u(-4). Suppose -2*h = -h - 2. Let m(l) = 2*l + 8 + 8*l**2 + h + l**2 - 11. Calculate m(x).
10
Let g = 1947 + -1941. Let d(b) be the third derivative of -b**4/6 - 7*b**3/6 + 2*b**2. Determine d(g).
-31
Let v(o) = o + 38. Let y(s) = 12*s + 151. Let b(i) = 10*v(i) - 2*y(i). Calculate b(6).
-6
Let k(i) = -i - 18. Let s be k(-13). Let b(g) = -76*g**2 - 76*g**2 - 9*g + 310*g**2 + 11 - 79*g**2 - 81*g**2. Determine b(s).
6
Let k(q) = 2*q**3 - 38*q**2 + 10*q - 43. Let y be k(19). Let i(d) = -4*d**3 + 5*d + 145*d**2 + 5*d**3 - y*d**2 - 4*d - 7. Calculate i(3).
5
Let b(o) = 3*o + 3 - 5*o**2 - 12*o + o**3 + 6 - 5. Suppose 15*l - 108 = 14*l - 17*l. Give b(l).
-14
Let z(h) be the third derivative of -h**6/60 - h**5/12 + h**4/24 + 3*h**3/2 + 42*h**2 + 21*h. What is z(-3)?
15
Let j be -2 + (-32)/(-2)*(-2)/4. Let b = -16 - j. Let c(z) = -4*z**2 - 6*z - z - 5 + 3*z**2. Determine c(b).
1
Let j(r) = r**2 + 5. Let w(o) = 6*o + 92. Let q be w(-15). Suppose q*d = -5*x - 2 + 27, 2*d = -2*x + 10. Determine j(d).
5
Let s(f) = f**3 - f**2 - 3*f - 3. Let j(o) = o**3 - 24*o**2 - o + 27. Suppose -2*h - 3*h = -240. Let d be 99/4 - 36/h. Let y be j(d). What is s(y)?
6
Let n(c) = 6*c**2 - 11*c + 51. Let v be n(6). Let i(s) = 104 + 7*s - v + 94. Let x = -3 + 6. Give i(x).
18
Let o(u) = -3*u. Let f(j) = -j**3 + 6*j - 161. Let s be f(0). Let k = 164 + s. Determine o(k).
-9
Suppose -5*w + 6 = 3*l, 3*l = l + 5*w + 4. Let n(i) be the first derivative of 1/2*i**2 - 34 - i + 2/3*i**3. Calculate n(l).
9
Let q(f) be the third derivative of -f**5/60 - f**4/8 - f**3/3 - f**2. Let o(j) = 34*j - 1059. Let b be o(31). Give q(b).
-12
Let t = 266 - 428. Let g = t + 151. Let z(y) = -y**2 - 12*y. Calculate z(g).
11
Let f = -118 - -125. Let t(x) = -x + x + x - 7*x + 10 + 3*x. Determine t(f).
-11
Let g(u) = 2*u + 7. Let k be g(6). Let z(m) = k - m + m**2 + 11 - 8. Suppose 6*h + 54*h - 148*h = 156*h. Determine z(h).
22
Let x(b) = b - 17. Let z(o) = -4*o - 8 + 7*o - 6*o + o. Let s be z(-7). Let n(l) = -l**2 + 5*l + 15. Let y be n(s). Give x(y).
-8
Let j(z) be the first derivative of 11*z**2/2 + 51*z - 258. Let s be j(-5). Let o(g) be the first derivative of -g**3/3 - g**2 - g + 1. What is o(s)?
-9
Let w(c) be the second derivative of 27 - 1/2*c**3 - 29/2*c**2 - 3*c. Give w(-9).
-2
Let y(k) = 30*k - 211. Suppose 0 = -4*g - 28, -21*v - 70 = -27*v + 4*g. Give y(v).
-1
Let o = 12 + -9. Let b(n) be the first derivative of 1/3*n**3 + 3 - 4*n - 3/2*n**2. Give b(o).
-4
Let v(p) = -13*p - 4. Let o = -17 - -17. Suppose -2*g - 2*l + 4 - 2 = 0, -2*l + 10 = o. Let f(d) = -3*d - 1. Let s(t) = g*v(t) + 18*f(t). Give s(4).
-10
Let t(u) be the first derivative of 8 - 1/3*u**3 - u + 1/2*u**2. Calculate t(-3).
-13
Let w(j) = -480 + 117 + j**3 + 115 + 118 + 119 - 17*j**2 + 18*j. What is w(16)?
21
Let t(w) be the first derivative of w**2/2 - 9*w + 2108. What is t(3)?
-6
Let s be (-2)/6 + (-1159)/(-57) + -23. Suppose 5*j + 25 = 4*d, -4*d = -9*d + j + 5. Let r(h) = h**3 - 3 + 0*h**2 + 4*h**2 + d + 3*h. What is r(s)?
-3
Suppose 4*h + 910 + 2738 = 0. Let d be h/(-128) + 2/(-16). Suppose p - 8*p = d. Let i(z) = 6*z - 1. Determine i(p).
-7
Let a(s) = 18 + 20 + 23 - 9*s - 69 + 14. What is a(-8)?
78
Suppose 213 = -3*q + 261. Let p be (-3)/(-1)*4/6. Suppose p*z = -j + 5*j + 24, -4*z = -q. Let l(x) = x**3 + 5*x**2 + 6*x + 3. Determine l(j).
-5
Let m(o) = 3*o**2 + 69*o - 89. Let q be m(-24). Let f(s) = s + 6. Give f(q).
-11
Let k(b) be the second derivative of -b**5/20 - 7*b**4/12 - 5*b**3/6 + b**2 + 322*b. Give k(-7).
37
Let c(s) = s**3 + 2*s**2 - 2*s + 3. Let f(v) = 9*v + 33. Let y = -347 - -343. Let r be f(y). Give c(r).
0
Suppose -r = -2*t + 2, -4*r - 57*t = -52*t - 18. Let c(o) = -1117*o - 4*o**2 - o**2 + 2*o**r - 54*o**3 + 2*o**2 + 1116*o. Calculate c(-1).
54
Let x(l) = -8*l + 1 - 4*l**2 - 5*l**2 - 8 + 7*l**2. What is x(-5)?
-17
Let v(t) = -9*t**2 - 17*t - 811. Let g(k) = -11*k**2 - 16*k - 806. Let r(x) = 5*g(x) - 6*v(x). What is r(42)?
-4
Let q(g) 